{"id":331,"date":"2021-11-15T23:50:14","date_gmt":"2021-11-15T23:50:14","guid":{"rendered":"https:\/\/www.segelschule-wannsee.de\/?page_id=331"},"modified":"2022-02-04T12:17:53","modified_gmt":"2022-02-04T12:17:53","slug":"funkkurs","status":"publish","type":"page","link":"https:\/\/www.segelschule-wannsee.de\/?page_id=331","title":{"rendered":"Funkkurs"},"content":{"rendered":"\n<p><strong>Funkkurse<\/strong> &#8211; SRC Short Range Certificate, UBI UKW Sprechfunkzeugnis im Binnenbreich <\/p>\n\n\n\n<div class=\"wp-block-media-text alignwide is-stacked-on-mobile\"><figure class=\"wp-block-media-text__media\"><img loading=\"lazy\" decoding=\"async\" width=\"300\" height=\"225\" src=\"https:\/\/www.segelschule-wannsee.de\/wp-content\/uploads\/2021\/11\/grafik.png\" alt=\"\" class=\"wp-image-416 size-full\"\/><\/figure><div class=\"wp-block-media-text__content\">\n<p class=\"has-medium-font-size\">F\u00fcr alle, die zu ihrer Sicherheit Seefunkanlagen bedienen oder am Binnenschifffahrtsfunk teilnehmen m\u00f6chten, ist das beschr\u00e4nkt g\u00fcltige Funkbetriebszeugnis, das <strong><em>Short Range Certificate SRC<\/em><\/strong> oder f\u00fcr den Binnenfunk das <strong><em>UKW Sprechfunkzeugnis UBI<\/em><\/strong> eine notwendige Voraussetzung daf\u00fcr.<br>Auch der Gesetzesgeber schreibt vor, dass der Skipper eines Sportfahrzeuges, das f\u00fcr das Revier entsprechende Funkzeugnis besitzen muss, sobald eine Funkanlage an Bord ist.<br>Bei der effektiven Vorbereitung auf eine erfolgreiche Pr\u00fcfung werden Ihnen unsere Funkkurse eine n\u00fctzliche und wichtige Hilfe sein. <\/p>\n<\/div><\/div>\n\n\n\n<p><strong>Short Range Certificate (SRC)<\/strong><\/p>\n\n\n\n<p>Das <strong>Short Range Certificate (SRC)<\/strong> berechtigt zum Aus\u00fcben des Seefunkdienstes bei Sprech-Seefunkstellen f\u00fcr UKW und Funkeinrichtung des GMDSS f\u00fcr UKW bis 30 sm weltweit an allen K\u00fcsten.<\/p>\n\n\n\n<p><strong>UKW Sprechfunkzeugnis UBI<\/strong><\/p>\n\n\n\n<p>Das <strong>UKW Sprechfunkzeugnis UBI<\/strong> berechtigt zum aus\u00fcben des Binnenschifffahrtsfunk im Binnenbereich.<br>Das UBI kann in Verbindung mit dem SRC gebucht werden. Die Pr\u00fcfung kann f\u00fcr zwei Zeugnisse (SRC und UBI) an einem Pr\u00fcfungstermin abgelegt werden.<\/p>\n\n\n\n<figure class=\"wp-block-table\"><table><tbody><tr><td><strong>Die Inhalte der Ausbildung:<\/strong> <strong>Praktischer Teil<\/strong> Fehlerfreie Abgabe sowie Aufnahme von Not-, Dringlichkeits- oder Sicherheitsmeldungen nach Vorgabe eines Textes in englischer Sprache. Dabei ist die Buchstabiertafel anzuwenden. Daneben werden weitere praktische \u00dcbungen aus den Bereichen Not-, Dringlichkeits-, Sicherheits- und Routinefunk im Seefunk in Verbindung mit der fachgerechten Bedienung einer Funkstelle gepr\u00fcft. <strong>Theoretischer Teil<\/strong> Bearbeitung eines Fragebogens mit 34 ausgew\u00e4hlten Fragen aus dem Fragenkatalog innerhalb von 60 Minuten. Es m\u00fcssen mindestens 80% der m\u00f6glichen Punktzahl erreicht werden.<\/td><td><\/td><\/tr><\/tbody><\/table><\/figure>\n\n\n\n<p><strong>Fremdsprachlicher Teil<\/strong><\/p>\n\n\n\n<p>Aufnahme eines englischen Textes mit anschlie\u00dfender schriftlicher \u00dcbersetzung ins Deutsche sowie die schriftliche \u00dcbersetzung eines vorgegebenen deutschen Textes in die englische Sprache.<\/p>\n\n\n\n<p>Mindestalter 15 Jahre<\/p>\n\n\n\n<p><strong>Unterrichtseinheiten<\/strong><\/p>\n\n\n\n<p>Der Unterricht umfasst 4 Theorieeinheiten.<br>Inhalt des Kurses:<\/p>\n\n\n\n<ol class=\"wp-block-list\" type=\"1\"><li>Gesetzliche Grundlagen<\/li><li>Grundkenntnisse \u00fcber den mobilen Seefunkdienst<\/li><li>Technische Grundkenntnisse<\/li><li>Weltweites Seenot- u. Sicherheitsfunksystem GMDSS<\/li><li>\u00dcbungen an Seefunkanlagen in englischer Sprache<\/li><\/ol>\n\n\n\n<p>Der Unterricht findet in der Regel Samstag und Sonntag statt.<br><br>Sie m\u00fcssen im Unterricht nicht mitschreiben, da Sie f\u00fcr jeden Kursabend ein Protokoll bekommen, diese enthalten den gesamten durchgenommenen Unterrichtsstoff, sowie die jeweiligen Pr\u00fcfungsfragen zu diesem Thema.<\/p>\n\n\n\n<figure class=\"wp-block-image size-large is-resized\"><img loading=\"lazy\" decoding=\"async\" src=\"https:\/\/www.segelschule-wannsee.de\/wp-content\/uploads\/2021\/11\/20200228_164238-1024x768.jpg\" alt=\"\" class=\"wp-image-418\" width=\"595\" height=\"446\" srcset=\"https:\/\/www.segelschule-wannsee.de\/wp-content\/uploads\/2021\/11\/20200228_164238-1024x768.jpg 1024w, https:\/\/www.segelschule-wannsee.de\/wp-content\/uploads\/2021\/11\/20200228_164238-300x225.jpg 300w, https:\/\/www.segelschule-wannsee.de\/wp-content\/uploads\/2021\/11\/20200228_164238-768x576.jpg 768w, https:\/\/www.segelschule-wannsee.de\/wp-content\/uploads\/2021\/11\/20200228_164238-1536x1152.jpg 1536w, https:\/\/www.segelschule-wannsee.de\/wp-content\/uploads\/2021\/11\/20200228_164238-2048x1536.jpg 2048w\" sizes=\"auto, (max-width: 595px) 100vw, 595px\" \/><figcaption> Unsere Schulungsfunkanlagen Icom 505 mit DSC Controller DS 100 <\/figcaption><\/figure>\n\n\n\n<p>Sie \u00fcben bei uns an den Funkanlagen, die auch die Pr\u00fcfungskommissionen f\u00fcr die<br>Pr\u00fcfungen benutzen. Sie k\u00f6nnen zus\u00e4tzlich nach Absprache jederzeit an unseren Funkanlagen \u00fcben.<\/p>\n\n\n\n<p><\/p>\n\n\n\n<figure class=\"wp-block-table\"><table><tbody><tr><td><strong>FUNK-ALL<\/strong><\/td><td><strong>Funkkurs SRC &amp; UBI Kombikurs &nbsp; &nbsp; &nbsp; <\/strong><em>Pr\u00fcfungsvorbereitungskurs<\/em><strong><\/strong><\/td><td><strong>235,- \u20ac<\/strong><\/td><\/tr><tr><td>&nbsp;<\/td><td>9 Stunden Theorie\/Praxis an 2 Kursabende<\/td><td>&nbsp;<\/td><\/tr><tr><td><strong>FUNK-SRC<\/strong><\/td><td><strong>Funkkurs SRC &nbsp; &nbsp; &nbsp; <\/strong><em>Pr\u00fcfungsvorbereitungskurs<\/em><strong><\/strong><\/td><td><strong>175,- \u20ac<\/strong><\/td><\/tr><tr><td>&nbsp;<\/td><td>2 Kursabenden Theorie\/Praxis<\/td><td>&nbsp;<\/td><\/tr><tr><td><strong>FUNK- UBI<\/strong><\/td><td><strong>Funkkurs UBI &nbsp; &nbsp; &nbsp; <\/strong><em>Pr\u00fcfungsvorbereitungskurs<\/em><strong><\/strong><\/td><td><strong>125,- \u20ac<\/strong><\/td><\/tr><tr><td>&nbsp;<\/td><td>2 Kursabende Theorie\/Praxis<\/td><td>&nbsp;<\/td><\/tr><tr><td><strong>FUNK-SRC<\/strong><\/td><td><strong>VIP-SRC &nbsp; &nbsp; &nbsp; <\/strong><em>Privatunterricht<\/em><strong><\/strong><\/td><td><strong>350,- \u20ac<\/strong><\/td><\/tr><tr><td>&nbsp;<\/td><td>Privatunterricht nach Ihren Wunschzeiten jederzeit buchbar<\/td><td>&nbsp;<\/td><\/tr><tr><td><strong>FUNK-UBI<\/strong><\/td><td><strong>VIP-UBI &nbsp; &nbsp; &nbsp; <\/strong><em>Privatunterricht<\/em><strong><\/strong><\/td><td><strong>270,- \u20ac<\/strong><\/td><\/tr><tr><td>&nbsp;<\/td><td>Privatunterricht nach Ihren Wunschzeiten jederzeit buchbar<\/td><td>&nbsp;<\/td><\/tr><tr><td><strong>FUNK SRC\/UBI<\/strong><\/td><td><strong>VIP SRC &amp; UBI &nbsp; &nbsp; &nbsp; <\/strong><em>Privatunterricht<\/em><strong><\/strong><\/td><td><strong>550,- \u20ac<\/strong><\/td><\/tr><tr><td>&nbsp;<\/td><td>Privatunterricht nach Ihren Wunschzeiten jederzeit buchbar<\/td><td>&nbsp;<\/td><\/tr><\/tbody><\/table><\/figure>\n","protected":false},"excerpt":{"rendered":"<p>Funkkurse &#8211; SRC Short Range Certificate, UBI UKW Sprechfunkzeugnis im Binnenbreich F\u00fcr alle, die zu ihrer Sicherheit Seefunkanlagen bedienen oder am Binnenschifffahrtsfunk teilnehmen m\u00f6chten, ist das beschr\u00e4nkt g\u00fcltige Funkbetriebszeugnis, das Short Range Certificate SRC oder f\u00fcr den Binnenfunk das UKW Sprechfunkzeugnis UBI eine notwendige Voraussetzung daf\u00fcr.Auch der Gesetzesgeber schreibt vor, dass der Skipper eines Sportfahrzeuges, [&hellip;]<\/p>\n","protected":false},"author":1,"featured_media":0,"parent":130,"menu_order":4,"comment_status":"closed","ping_status":"closed","template":"","meta":{"footnotes":""},"class_list":["post-331","page","type-page","status-publish","hentry"],"_links":{"self":[{"href":"https:\/\/www.segelschule-wannsee.de\/index.php?rest_route=\/wp\/v2\/pages\/331","targetHints":{"allow":["GET"]}}],"collection":[{"href":"https:\/\/www.segelschule-wannsee.de\/index.php?rest_route=\/wp\/v2\/pages"}],"about":[{"href":"https:\/\/www.segelschule-wannsee.de\/index.php?rest_route=\/wp\/v2\/types\/page"}],"author":[{"embeddable":true,"href":"https:\/\/www.segelschule-wannsee.de\/index.php?rest_route=\/wp\/v2\/users\/1"}],"replies":[{"embeddable":true,"href":"https:\/\/www.segelschule-wannsee.de\/index.php?rest_route=%2Fwp%2Fv2%2Fcomments&post=331"}],"version-history":[{"count":0,"href":"https:\/\/www.segelschule-wannsee.de\/index.php?rest_route=\/wp\/v2\/pages\/331\/revisions"}],"up":[{"embeddable":true,"href":"https:\/\/www.segelschule-wannsee.de\/index.php?rest_route=\/wp\/v2\/pages\/130"}],"wp:attachment":[{"href":"https:\/\/www.segelschule-wannsee.de\/index.php?rest_route=%2Fwp%2Fv2%2Fmedia&parent=331"}],"curies":[{"name":"wp","href":"https:\/\/api.w.org\/{rel}","templated":true}]}}